it of 670204627?
6
What is the units digit of 21516891?
1
What is the units digit of 178737073?
3
What is the millions digit of 233666141?
3
What is the hundred thousands digit of 592040770?
0
What is the ten thousands digit of 56253160?
5
What is the ten millions digit of 57767024?
5
What is the hundreds digit of 136192562?
5
What is the ten millions digit of 157569927?
5
What is the tens digit of 138193011?
1
What is the units digit of 5109207909?
9
What is the thousands digit of 50814118?
4
What is the ten millions digit of 25656658?
2
What is the ten millions digit of 624458802?
2
What is the hundred thousands digit of 5003965?
0
What is the units digit of 57277095?
5
What is the hundreds digit of 1472685248?
2
What is the hundred millions digit of 217321385?
2
What is the tens digit of 73920730?
3
What is the ten thousands digit of 51326896?
2
What is the thousands digit of 2426498459?
8
What is the hundred thousands digit of 208528892?
5
What is the hundred millions digit of 2969788157?
9
What is the millions digit of 157092645?
7
What is the tens digit of 1187952581?
8
What is the units digit of 96277613?
3
What is the ten thousands digit of 3587668637?
6
What is the millions digit of 2861084404?
1
What is the hundred thousands digit of 5643039445?
0
What is the units digit of 1878426202?
2
What is the hundred thousands digit of 65740054?
7
What is the ten millions digit of 203334618?
0
What is the units digit of 202532133?
3
What is the ten thousands digit of 29242749?
4
What is the hundreds digit of 392448671?
6
What is the hundred millions digit of 861368407?
8
What is the hundred millions digit of 977494654?
9
What is the millions digit of 60227100?
0
What is the ten millions digit of 3493844717?
9
What is the units digit of 1431167368?
8
What is the billions digit of 2121162100?
2
What is the units digit of 249689755?
5
What is the units digit of 299384220?
0
What is the hundreds digit of 424398199?
1
What is the hundred thousands digit of 37448755?
4
What is the ten thousands digit of 2582619820?
1
What is the ten thousands digit of 480811832?
1
What is the hundred thousands digit of 450438509?
4
What is the units digit of 1512515281?
1
What is the millions digit of 233289481?
3
What is the ten thousands digit of 24069615?
6
What is the hundred thousands digit of 1258133776?
1
What is the units digit of 2008013963?
3
What is the ten millions digit of 2102717007?
0
What is the millions digit of 14965656?
4
What is the hundreds digit of 13787061?
0
What is the ten thousands digit of 146800981?
0
What is the billions digit of 8853763366?
8
What is the millions digit of 87196364?
7
What is the ten millions digit of 1836824880?
3
What is the hundreds digit of 885385467?
4
What is the hundreds digit of 170100831?
8
What is the thousands digit of 34010844?
0
What is the ten millions digit of 28990914?
2
What is the ten millions digit of 120422336?
2
What is the hundred thousands digit of 111932683?
9
What is the thousands digit of 56368003?
8
What is the thousands digit of 41916170?
6
What is the tens digit of 20005061?
6
What is the tens digit of 669612695?
9
What is the ten millions digit of 8477639719?
7
What is the millions digit of 5019565756?
9
What is the thousands digit of 150444268?
4
What is the hundreds digit of 63590553?
5
What is the millions digit of 57144755?
7
What is the tens digit of 4042642647?
4
What is the thousands digit of 1543093040?
3
What is the hundreds digit of 1269015024?
0
What is the units digit of 154888966?
6
What is the hundreds digit of 69620113?
1
What is the units digit of 123717010?
0
What is the hundred thousands digit of 58163520?
1
What is the millions digit of 21891347?
1
What is the tens digit of 106124729?
2
What is the hundred millions digit of 2638712991?
6
What is the ten millions digit of 57450005?
5
What is the tens digit of 327868214?
1
What is the hundred thousands digit of 2150656933?
6
What is the hundreds digit of 674790000?
0
What is the hundreds digit of 1878862924?
9
What is the hundred thousands digit of 149093163?
0
What is the millions digit of 332663810?
2
What is the ten millions digit of 718307484?
1
What is the thousands digit of 29252856?
2
What is the hundreds digit of 351753412?
4
What is the hundred millions digit of 251902010?
2
What is the thousands digit of 49509745?
9
What is the ten millions digit of 225885080?
2
What is the millions digit of 14368031?
4
What is the tens digit of 2108508916?
1
What is the hundred millions digit of 551761692?
5
What is the thousands digit of 596739733?
9
What is the thousands digit of 1619174886?
4
What is the ten millions digit of 496595799?
9
What is the tens digit of 10581061?
6
What is the tens digit of 65721132?
3
What is the hundred thousands digit of 22328098?
3
What is the hundred thousands digit of 842640874?
6
What is the hundreds digit of 19706427?
4
What is the hundreds digit of 2615937386?
3
What is the units digit of 3265185729?
9
What is the units digit of 385754110?
0
What is the tens digit of 28197206?
0
What is the units digit of 2670194281?
1
What is the units digit of 145942646?
6
What is the ten thousands digit of 6337776?
3
What is the units digit of 557135063?
3
What is the hundred thousands digit of 1854315064?
3
What is the thousands digit of 34323144?
3
What is the tens digit of 199626349?
4
What is the tens digit of 3068018?
1
What is the hundred millions digit of 2458712650?
4
What is the ten thousands digit of 5608145095?
4
What is the tens digit of 57470220?
2
What is the tens digit of 102939180?
8
What is the ten millions digit of 315673482?
1
What is the millions digit of 413283078?
3
What is the tens digit of 89332531?
3
What is the hundred thousands digit of 470119593?
1
What is the ten thousands digit of 537234071?
3
What is the tens digit of 3169870645?
4
What is the ten millions digit of 496354022?
9
What is the ten thousands digit of 39197421?
9
What is the tens digit of 2506908?
0
What is the hundred thousands digit of 407903010?
9
What is the hundred thousands digit of 872263900?
2
What is the hundred thousands digit of 541294?
5
What is the hundreds digit of 55322363?
3
What is the hundred thousands digit of 36311812?
3
What is the billions digit of 1386681804?
1
What is the hundred thousands digit of 185454619?
4
What is the tens digit of 72878299?
9
What is the units digit of 99951677?
7
What is the thousands digit of 54913884?
3
What is the hundred thousands digit of 194648694?
6
What is the ten thousands digit of 862958780?
5
What is the hundreds digit of 3872882?
8
What is the ten thousands digit of 4943167135?
6
What is the hundreds digit of 695195950?
9
What is the units digit of 1862342560?
0
What is the millions digit of 1221539610?
1
What is the hundred millions digit of 509499102?
5
What is the millions digit of 25686864?
5
What is the ten thousands digit of 572131403?
3
What is the tens digit of 2751660662?
6
What is the thousands digit of 375741587?
1
What is the thousands digit of 1839891019?
1
What is the tens digit of 3618291429?
2
What is the ten millions digit of 987698350?
8
What is the units digit of 8372967?
7
What is the hundred thousands digit of 26989508?
9
What is the tens digit of 96761390?
9
What is the tens digit of 3168923746?
4
What is the units digit of 383009442?
2
What is the units digit of 2168670406?
6
What is the ten millions digit of 107516308?
0
What is the hundred thousands digit of 105064969?
0
What is the tens digit of 96146249?
4
What is the hundreds digit of 539196301?
3
What is the thousands digit of 28751225?
1
What is the thousands digit of 441918761?
8
What is the ten thousands digit of 1358576334?
7
What is the ten millions digit of 3934331702?
3
What is the hundred millions digit of 1207604309?
2
What is the thousands digit of 104701261?
1
What is the hundreds digit of 730680134?
1
What is the tens digit of 2077043510?
1
What is the units digit of 202161628?
8
What is the millions digit of 6190571511?
0
What is the thousands digit of 141422565?
2
What is the ten millions digit of 864189764?
6
What is the units digit of 151821828?
8
What is the ten millions digit of 205948698?
0
What is the hundreds digit of 789143301?
3
What is the units di